ors of 23611?
7, 3373
List the prime factors of 16733.
29, 577
List the prime factors of 668.
2, 167
List the prime factors of 68553.
3, 2539
List the prime factors of 1291.
1291
What are the prime factors of 70150?
2, 5, 23, 61
What are the prime factors of 36868?
2, 13, 709
List the prime factors of 113351.
7, 16193
List the prime factors of 492.
2, 3, 41
What are the prime factors of 8578?
2, 4289
List the prime factors of 7594.
2, 3797
What are the prime factors of 72820?
2, 5, 11, 331
List the prime factors of 159971.
7, 22853
What are the prime factors of 625?
5
List the prime factors of 388.
2, 97
List the prime factors of 1002.
2, 3, 167
List the prime factors of 18013.
18013
What are the prime factors of 7203?
3, 7
What are the prime factors of 1983?
3, 661
List the prime factors of 45793.
11, 23, 181
List the prime factors of 757.
757
List the prime factors of 211.
211
What are the prime factors of 144?
2, 3
List the prime factors of 174.
2, 3, 29
List the prime factors of 3048.
2, 3, 127
List the prime factors of 15218.
2, 7, 1087
What are the prime factors of 88493?
88493
List the prime factors of 32332.
2, 59, 137
What are the prime factors of 2167?
11, 197
List the prime factors of 1238.
2, 619
What are the prime factors of 74558?
2, 11, 3389
List the prime factors of 245.
5, 7
What are the prime factors of 6739?
23, 293
What are the prime factors of 21095?
5, 4219
List the prime factors of 105548.
2, 26387
What are the prime factors of 260?
2, 5, 13
List the prime factors of 9590.
2, 5, 7, 137
List the prime factors of 25590.
2, 3, 5, 853
List the prime factors of 1631.
7, 233
List the prime factors of 5391.
3, 599
What are the prime factors of 3318?
2, 3, 7, 79
List the prime factors of 2520.
2, 3, 5, 7
List the prime factors of 3474.
2, 3, 193
What are the prime factors of 1365?
3, 5, 7, 13
List the prime factors of 4073.
4073
List the prime factors of 3890.
2, 5, 389
What are the prime factors of 15246?
2, 3, 7, 11
List the prime factors of 12458.
2, 6229
What are the prime factors of 388?
2, 97
What are the prime factors of 17707?
17707
List the prime factors of 12876.
2, 3, 29, 37
What are the prime factors of 2323?
23, 101
List the prime factors of 12769.
113
List the prime factors of 7806.
2, 3, 1301
What are the prime factors of 1421?
7, 29
List the prime factors of 3454.
2, 11, 157
List the prime factors of 24642.
2, 3, 37
List the prime factors of 3116.
2, 19, 41
List the prime factors of 6313.
59, 107
List the prime factors of 23689.
23689
What are the prime factors of 1683?
3, 11, 17
List the prime factors of 1017.
3, 113
What are the prime factors of 47207?
47207
What are the prime factors of 89610?
2, 3, 5, 29, 103
List the prime factors of 31819.
47, 677
List the prime factors of 6603.
3, 31, 71
List the prime factors of 24051.
3, 8017
List the prime factors of 43231.
17, 2543
List the prime factors of 320.
2, 5
What are the prime factors of 8833?
11, 73
What are the prime factors of 43355?
5, 13, 23, 29
List the prime factors of 17721.
3, 11, 179
What are the prime factors of 21169?
21169
List the prime factors of 5310.
2, 3, 5, 59
What are the prime factors of 1321?
1321
What are the prime factors of 14640?
2, 3, 5, 61
What are the prime factors of 22361?
59, 379
List the prime factors of 434.
2, 7, 31
List the prime factors of 29977.
31, 967
List the prime factors of 7570.
2, 5, 757
What are the prime factors of 1305?
3, 5, 29
What are the prime factors of 434?
2, 7, 31
What are the prime factors of 89461?
137, 653
List the prime factors of 2163.
3, 7, 103
What are the prime factors of 3642?
2, 3, 607
List the prime factors of 761.
761
List the prime factors of 17103.
3, 5701
What are the prime factors of 26611?
13, 23, 89
List the prime factors of 49364.
2, 7, 41, 43
What are the prime factors of 403?
13, 31
What are the prime factors of 1559?
1559
List the prime factors of 24548.
2, 17, 19
What are the prime factors of 44403?
3, 19, 41
List the prime factors of 20486.
2, 10243
List the prime factors of 457.
457
List the prime factors of 5385.
3, 5, 359
List the prime factors of 33267.
3, 13, 853
What are the prime factors of 46107?
3, 47, 109
List the prime factors of 154911.
3, 51637
List the prime factors of 2390.
2, 5, 239
List the prime factors of 136.
2, 17
What are the prime factors of 17702?
2, 53, 167
What are the prime factors of 17834?
2, 37, 241
What are the prime factors of 1001?
7, 11, 13
List the prime factors of 77355.
3, 5, 191
What are the prime factors of 1472?
2, 23
What are the prime factors of 107882?
2, 17, 19, 167
What are the prime factors of 52?
2, 13
What are the prime factors of 219?
3, 73
List the prime factors of 1383.
3, 461
List the prime factors of 2538.
2, 3, 47
List the prime factors of 1209.
3, 13, 31
List the prime factors of 14468.
2, 3617
List the prime factors of 26627.
26627
List the prime factors of 795.
3, 5, 53
What are the prime factors of 16575?
3, 5, 13, 17
What are the prime factors of 27395?
5, 5479
What are the prime factors of 19730?
2, 5, 1973
What are the prime factors of 19824?
2, 3, 7, 59
What are the prime factors of 874?
2, 19, 23
List the prime factors of 13199.
67, 197
What are the prime factors of 88416?
2, 3, 307
What are the prime factors of 310?
2, 5, 31
List the prime factors of 23547.
3, 47, 167
List the prime factors of 10464.
2, 3, 109
List the prime factors of 5898.
2, 3, 983
List the prime factors of 869.
11, 79
What are the prime factors of 34623?
3, 3847
List the prime factors of 29709.
3, 3301
What are the prime factors of 37720?
2, 5, 23, 41
List the prime factors of 3380.
2, 5, 13
List the prime factors of 7934.
2, 3967
List the prime factors of 453.
3, 151
What are the prime factors of 448?
2, 7
What are the prime factors of 7132?
2, 1783
List the prime factors of 7525.
5, 7, 43
What are the prime factors of 9145?
5, 31, 59
What are the prime factors of 3991?
13, 307
What are the prime factors of 22355?
5, 17, 263
List the prime factors of 22124.
2, 5531
List the prime factors of 43681.
11, 19
What are the prime factors of 9341?
9341
What are the prime factors of 9769?
9769
List the prime factors of 59221.
59221
List the prime factors of 41226.
2, 3, 6871
What are the prime factors of 813?
3, 271
List the prime factors of 5355.
3, 5, 7, 17
List the prime factors of 3732.
2, 3, 311
List the prime factors of 106232.
2, 7, 271
List the prime factors of 44566.
2, 22283
List the prime factors of 1016.
2, 127
List the prime factors of 5730.
2, 3, 5, 191
What are the prime factors of 16950?
2, 3, 5, 113
What are the prime factors of 6326?
2, 3163
List the prime factors of 66240.
2, 3, 5, 23
List the prime factors of 114224.
2, 11, 59
What are the prime factors of 14623?
7, 2089
What are the prime factors of 3533?
3533
List the prime factors of 14016.
2, 3, 73
What are the prime factors of 118619?
118619
What are the prime factors of 36612?
2, 3, 113
List the prime factors of 8382.
2, 3, 11, 127
What are the prime factors of 388?
2, 97
What are the prime factors of 1595?
5, 11, 29
What are the prime factors of 456?
2, 3, 19
What are the prime factors of 3026?
2, 17, 89
What are the prime factors of 450?
2, 3, 5
List the prime factors of 2793.
3, 7, 19
What are the prime factors of 161?
7, 23
List the prime factors of 2205.
3, 5, 7
List the prime factors of 1687.
7, 241
List the prime factors of 860.
2, 5, 43
List the prime factors of 8033.
29, 277
List the prime factors of 2447.
2447
What are the prime factors of 190544?
2, 11909
List the prime factors of 10540.
2, 5, 17, 31
What are the prime factors of 26337?
3, 8779
List the prime factors of 1444.
2, 19
List the prime factors of 6242.
2, 3121
List the prime factors of 544.
2, 17
List the prime factors of 11202.
2, 3, 1867
What are the prime factors of 22005?
3, 5, 163
What are the prime factors of 88178?
2, 44089
What are the prime factors of 102058?
2, 11, 4639
List the prime factors of 27236.
2, 11, 619
List the prime factors of 2515.
5, 503
List the prime factors of 56210.
2, 5, 7, 11, 73
List the prime factors of 21938.
2, 7, 1567
What are the prime factors of 25058?
2, 11, 17, 67
What are the prime factors of 14139?
3, 1571
List the prime factors of 2547.
3, 283
List the prime fact